tive of 11*w**4/24 - 2*w**3/3 - 13*w**2. Let b be p(2). List the prime factors of 1760/b + -1 + (-34)/(-153).
97
Let h(d) = 5*d**2 + 39*d - 764. What are the prime factors of h(42)?
2, 37, 131
What are the prime factors of 1752 + 1/((-12)/(-6))*-4 + 8?
2, 3, 293
Suppose -124*l + 123*l - 2*j + 11272 = 0, -5*j - 56330 = -5*l. What are the prime factors of l?
2, 3, 313
Let l = -42308 - -76148. List the prime factors of l.
2, 3, 5, 47
What are the prime factors of 4 + -2 + 18/(-6) + (-3 - -7137)?
7, 1019
Let l = -42 - -33. Let x be (-44 - l) + 8/(-2). Let h = x + 127. What are the prime factors of h?
2, 11
Let y = -210 + 215. Suppose -42 = y*m - 2657. What are the prime factors of m?
523
Let f be 3/(-2) - 279/(-18). Let b = 39 - f. Let m = b - -189. List the prime factors of m.
2, 107
Let r(z) = -23*z**3 + 2*z**2 + z - 1. Let o be r(-3). Suppose -1328*n - 1963 = -1341*n. Suppose -146*w = -n*w + o. List the prime factors of w.
127
Suppose -3*w - w = 5*b + 25, -4*w = -5*b - 25. Suppose 0 = -3*v + t + 2*t + 1656, w = 3*t - 9. What are the prime factors of v?
3, 5, 37
Let r(u) = u**3 + 6*u**2 + 6*u + 8. Let t be r(-5). Let k(x) = 45*x**2 - 11*x - 3. What are the prime factors of k(t)?
3, 41
Let j(u) = 7*u**2 + 4*u + 16202. What are the prime factors of j(0)?
2, 8101
Suppose m + 2 = -3*s + 27, 0 = 5*s - 5*m - 35. Suppose 3*b - s*b - 15 = 0. Let k = b - -52. What are the prime factors of k?
7
Let j = -38412 + 64704. List the prime factors of j.
2, 3, 7, 313
Suppose 0 = 2*u - a - 10, -4*u = -0*u - 3*a - 22. Suppose 672 = 5*j + c - 563, -1009 = -u*j - 5*c. Suppose -11*z - j = -14*z. List the prime factors of z.
2, 41
What are the prime factors of (-58690)/80*(-13 + 5) - (-6)/1?
5, 47
Suppose -i + 96 = -3*i + 5*m, 0 = -5*m + 10. Let c = i + 47. Suppose 5*l - c*b = -b + 686, -3*b = l - 130. List the prime factors of l.
2, 17
Suppose 155*w - 217626 - 218389 = 0. What are the prime factors of w?
29, 97
Let s(z) be the second derivative of -15*z**3/2 - z**2 + 14*z. Let j = 44 + -46. List the prime factors of s(j).
2, 11
Let n(q) = q**3 + 15*q**2 + 13*q - 11. Let j be n(-14). Suppose 4*c - 3*y = 72, j*c + 4*y - 37 = 2*y. List the prime factors of (-978)/(-5) - -4 - (-6)/c.
2, 5
Let z(x) = -3*x**2 - 75*x - 42. Let k be z(18). Let w = 3391 + k. What are the prime factors of w?
13, 79
Suppose 8*d + 16 = 88. Let r be 1289/d + -2 + 14/(-63). Let j = -34 + r. What are the prime factors of j?
107
Let a be (-3 + 45/35)/((-3)/14). Suppose 5*y = -545 + 1340. List the prime factors of y + -5*a/(-10).
163
Let p = -4121 - -7206. What are the prime factors of p?
5, 617
Suppose -2*w = -3*h - 2, 4*h + w + 2*w = 20. Suppose h*q - f + 3*f = 520, 0 = 2*q - 5*f - 492. Let d = q + -53. List the prime factors of d.
7, 29
Suppose 4 = 3*w - 5. Let f be (-33)/(-231) + 3100/7. Suppose -2*y + 3*u + f = 0, 1 = -4*u - w. List the prime factors of y.
2, 5, 11
Suppose -128*l + 129*l - 428 = 0. Let y = 1114 - l. List the prime factors of y.
2, 7
Let k(c) = -c**3 + 83*c**2 + 149*c - 119. List the prime factors of k(82).
7, 2689
Suppose -12 = 3*k, -5*q + 5*k - 3*k = -88. Suppose 20 = -11*a + q*a. Suppose 10 = a*v - 18. List the prime factors of v.
7
Suppose -15*t = -51810 - 259695. What are the prime factors of t?
19, 1093
Suppose -4*g = 5*s + 128, -5*g + 2*s + 33 - 160 = 0. Let o be 15*3/g*-3. Let y(i) = 3*i**2 - 9*i + 20. What are the prime factors of y(o)?
2, 5
Let u(v) = -v**2 + 18*v - 8. Let o be u(18). Let b be o/(-28) + 3212/28. Let g = -47 + b. List the prime factors of g.
2, 17
Suppose 19 = 4*r + 5*d - 152, 0 = -5*r - 4*d + 207. Suppose 0 = -o - r + 171. List the prime factors of o.
2, 3, 11
Suppose z + 4 = 12. Let k(h) = 32*h + 12. List the prime factors of k(z).
2, 67
Let m be ((-15)/(-9))/(((-6)/1089)/(-2)). Suppose 4*n + 8*t - 2425 = 5*t, 0 = -n - 2*t + m. What are the prime factors of n?
607
Suppose -66 = -6*k - 0*k. Suppose -k*q + 1410 = -q. Let b = q - 106. List the prime factors of b.
5, 7
Let y(q) = 2*q**2 - 5*q - 22. Let k be y(12). Suppose -7 = -3*m + 4*m. Let f = m + k. List the prime factors of f.
199
Suppose 0 = 13*u - 21050 + 2499. Suppose 6 = 3*r, 4*l - 399 = 3*r + u. What are the prime factors of l?
2, 229
Let r(g) be the second derivative of -g**5/20 + g**4/2 - 5*g**3/6 - 5*g**2/2 + 2*g - 4. List the prime factors of r(3).
7
Let l = -25945 - -40910. List the prime factors of l.
5, 41, 73
Let q(s) = 112*s - 6 - 56*s - 57*s. Let d be q(-12). Suppose -3*n + d*n = 132. What are the prime factors of n?
2, 11
Let t = -36 + 51. Suppose -4*w - w + t = 0, -2*a - 3*w + 9 = 0. Suppose -5*x + x + 4*u + 184 = 0, 4*x - 5*u - 181 = a. What are the prime factors of x?
7
Suppose 2*w + 2336 = -3*h, -13*h - 3925 = -8*h - 3*w. Let x = h + 1250. List the prime factors of x.
2, 3, 13
Let w(b) = b**2 - 12*b + 32. Let t be w(15). Let p = t + -74. Suppose 5*n - p*q - 373 = 0, 5*q + 215 = 3*n + q. List the prime factors of n.
7, 11
Let v be ((-6)/(-9))/(18/(-81)). Let c be v/2*48/18. List the prime factors of ((-16)/6)/c*51.
2, 17
Let l(g) = 33*g - 13. Let b be l(-8). Let n = b - -442. Suppose -4*p - 1 = -n. List the prime factors of p.
41
Let k(x) = -321*x - 182. Suppose 5*t + 2*h = 6*t - 5, 0 = -5*t - h - 30. What are the prime factors of k(t)?
1423
Let x(f) = 3*f - 7. Suppose -2*p + 6 = 5*o, 5*p + 5*o - 13 - 2 = 0. Let h be x(p). Suppose -m = h*m - 162. List the prime factors of m.
2, 3
Suppose 0 = -4*s + 18*a - 21*a, -4*a - 25 = -3*s. Suppose -3*z + 2091 = -s*x, -z - 3*z = 2*x - 2758. List the prime factors of z.
2, 173
Let x(c) = c**2 - 23*c + 29. Let k be x(13). Let f = 509 + k. What are the prime factors of f?
2, 3, 17
Let h(u) = -u**2 - 20*u - 54. Let l be h(-17). Let s be ((-1 - l/(-3)) + 2)/1. Suppose s = -2*m - 5*v + 372, 96 = -m + 5*v + 252. List the prime factors of m.
2, 11
Suppose 2*b - 3*k - 494 = 854, -1362 = -2*b - 4*k. List the prime factors of b.
677
Let f(d) = -12*d + 31. Let g(q) = -q. Let m be g(6). Let w be f(m). Suppose -4*c = -4*x + c + w, -4*c - 108 = -4*x. List the prime factors of x.
2
Let a be (-4)/6 + (-7)/3. Let j(q) = q**3 + q**2 - 8*q - 4. Let m be j(a). List the prime factors of (-1)/m + -346*1/(-4).
2, 43
Suppose -d + 5 - 2 = 0. Suppose -a + 5 = -d*c - 6, 9 = -5*a - c. List the prime factors of 2/(-1) - (126 + 5)*a.
3, 43
Let c(z) be the first derivative of -10/3*z**3 - 3*z - 1/4*z**4 + 14 - 7/2*z**2. What are the prime factors of c(-10)?
67
Let a = -1010 - -4752. List the prime factors of a.
2, 1871
Suppose x = -48*l + 44*l - 2, -4*x + 4 = 4*l. Suppose -5*g - 1754 = -7*g - x*w, -8 = -2*w. List the prime factors of g.
3, 97
Suppose 0 = 4*y + 4*h - 17730 - 95582, -28344 = -y + 3*h. What are the prime factors of y?
2, 3, 787
Let k(a) = 30*a - 104. Let s be k(9). Let v = s + 18. What are the prime factors of v?
2, 23
Let j(f) be the first derivative of -15*f**4/2 + f**3 + 3*f**2/2 + f + 15. Let c be j(-1). Let i = 98 - c. What are the prime factors of i?
67
Suppose -7*k - 5 + 26 = 0, 4*w - 4*k - 111980 = 0. List the prime factors of w.
2, 13999
Suppose 5*a = 25, 3*g + a = 5*g - 237. Let r = 455 + g. List the prime factors of r.
2, 3
Let n(v) = 4*v + 38. Let m be n(-11). Let k(j) = -6*j - 31. Let t be k(m). Suppose 4*l - 324 = 4*q - 6*q, -t*l - q = -405. What are the prime factors of l?
3
Let g(b) be the second derivative of b**5/20 + 11*b**4/12 - 8*b**3/3 - 17*b**2/2 + 11*b - 20. Suppose 23 = -3*a - 13. What are the prime factors of g(a)?
31
Suppose -353 = -3*i - 35. Let q = i + -94. Suppose 0 = -q*j + 11*j + 79. List the prime factors of j.
79
Let q(k) = 3*k**2 + 3*k + 7 - 5*k - 35 + 7*k. List the prime factors of q(-11).
2, 5, 7
Suppose 27*i - 19*i - 40 = 0. Suppose -4*n = -i*z + 1506, 2*z - 5*n - 308 = 291. What are the prime factors of z?
2, 151
Let h be (-9)/((-81)/(-38)) - (-4)/18. Let r = 18 + -22. What are the prime factors of h/(((-2)/(-160))/(r/10))?
2
Let x = -156 + 180. List the prime factors of (-24)/x*(-538 + 2).
2, 67
Let v(b) = 2*b + 10. Let w be v(-4). Suppose w*q + 0*q + 4*f - 786 = 0, f + 786 = 2*q. List the prime factors of q.
3, 131
Let k(a) = -a**3 - 6*a**2 - 10*a + 1. Let m be k(-3). Suppose 0 = b - n - 435, -b = 2*n - m*n - 438. What are the prime factors of b?
2, 3
Suppose -3*c + 2*x - 5 = 0, 16*c - 14*c - 5*x + 18 = 0. What are th